{"id":4,"date":"2016-09-23T17:20:00","date_gmt":"2016-09-23T17:20:00","guid":{"rendered":"http:\/\/iconfotobrasil.com.br\/iconfoto\/?page_id=4"},"modified":"2024-04-09T22:27:07","modified_gmt":"2024-04-09T22:27:07","slug":"sobre","status":"publish","type":"page","link":"https:\/\/iconartesgaleria.com.br\/estudiofineart\/sobre\/","title":{"rendered":"O Est\u00fadio"},"content":{"rendered":"<hr \/>\n<h3 style=\"text-align: left;\"><span style=\"font-size: 20px;\"><em><span style=\"color: #000000;\">Diretor T\u00e9cnico<\/span><\/em><\/span><\/h3>\n<p><img loading=\"lazy\" class=\"wp-image-485 aligncenter\" src=\"https:\/\/iconartesgaleria.com.br\/estudiofineart\/wp-content\/uploads\/2022\/03\/Retrato_EQUIPE-1.jpg\" alt=\"\" width=\"142\" height=\"176\" \/><\/p>\n<h3 style=\"text-align: left;\"><span style=\"color: #ffff00; font-size: 20px;\"><span style=\"color: #ffcc00;\">Paulo Salgado<\/span><\/span><\/h3>\n<p>Diretor e fundador da Icon Artes Galeria e da Icon Est\u00fadio de Impress\u00e3o Fine Art.<\/p>\n<p>Fot\u00f3grafo com P\u00f3s-Gradua\u00e7\u00e3o em Fotografia: <em>\u201cImagem, Mem\u00f3ria e Comunica\u00e7\u00e3o\u201d<\/em> \u2013 <em>Universidade Candido Mendes<\/em>; tem curso de impress\u00e3o fine art pela <em>Fine Photo<\/em> e de gerenciamento de cores pela <em>Coralis<\/em>, empresa de refer\u00eancia para profissionais que trabalham com processos que exijam precis\u00e3o na utiliza\u00e7\u00e3o de cores; possui, ainda, cursos de Hist\u00f3ria da arte Moderna e Contempor\u00e2nea (<em>Escola de Artes Visuais do Parque Lage \u2013 RJ<\/em>) e de fotografia (<em>Ateli\u00ea da Imagem e na Escola de Fotografia \u2013 Visual Arts<\/em>), participou do livro <em>Saara-Rio de Janeiro<\/em> e men\u00e7\u00e3o honrosa no 9\u00ba concurso fotogr\u00e1fico <em>Leica-Fotografe<\/em>.<\/p>\n<p>&nbsp;<\/p>\n<h4><\/h4>\n","protected":false},"excerpt":{"rendered":"<p>Diretor T\u00e9cnico Paulo Salgado Diretor e fundador da Icon Artes Galeria e da Icon Est\u00fadio de Impress\u00e3o Fine Art. Fot\u00f3grafo com P\u00f3s-Gradua\u00e7\u00e3o em Fotografia: \u201cImagem, Mem\u00f3ria e Comunica\u00e7\u00e3o\u201d \u2013 Universidade Candido Mendes; tem curso de impress\u00e3o fine art pela Fine Photo e de gerenciamento de cores pela Coralis, empresa de refer\u00eancia para profissionais que trabalham &hellip; <a href=\"https:\/\/iconartesgaleria.com.br\/estudiofineart\/sobre\/\" class=\"more-link\">Continuar lendo <span class=\"screen-reader-text\">O Est\u00fadio<\/span><\/a><\/p>\n","protected":false},"author":1,"featured_media":995,"parent":0,"menu_order":82,"comment_status":"closed","ping_status":"closed","template":"","meta":[],"acf":[],"_links":{"self":[{"href":"https:\/\/iconartesgaleria.com.br\/estudiofineart\/wp-json\/wp\/v2\/pages\/4"}],"collection":[{"href":"https:\/\/iconartesgaleria.com.br\/estudiofineart\/wp-json\/wp\/v2\/pages"}],"about":[{"href":"https:\/\/iconartesgaleria.com.br\/estudiofineart\/wp-json\/wp\/v2\/types\/page"}],"author":[{"embeddable":true,"href":"https:\/\/iconartesgaleria.com.br\/estudiofineart\/wp-json\/wp\/v2\/users\/1"}],"replies":[{"embeddable":true,"href":"https:\/\/iconartesgaleria.com.br\/estudiofineart\/wp-json\/wp\/v2\/comments?post=4"}],"version-history":[{"count":100,"href":"https:\/\/iconartesgaleria.com.br\/estudiofineart\/wp-json\/wp\/v2\/pages\/4\/revisions"}],"predecessor-version":[{"id":994,"href":"https:\/\/iconartesgaleria.com.br\/estudiofineart\/wp-json\/wp\/v2\/pages\/4\/revisions\/994"}],"wp:featuredmedia":[{"embeddable":true,"href":"https:\/\/iconartesgaleria.com.br\/estudiofineart\/wp-json\/wp\/v2\/media\/995"}],"wp:attachment":[{"href":"https:\/\/iconartesgaleria.com.br\/estudiofineart\/wp-json\/wp\/v2\/media?parent=4"}],"curies":[{"name":"wp","href":"https:\/\/api.w.org\/{rel}","templated":true}]}}

O Estúdio

<hr />
<h3 style="text-align: left;"><span style="font-size: 20px;"><em><span style="color: #000000;">Diretor Técnico</span></em></span></h3>
<p><img loading="lazy" class="wp-image-485 aligncenter" src="https://iconartesgaleria.com.br/estudiofineart/wp-content/uploads/2022/03/Retrato_EQUIPE-1.jpg" alt="" width="142" height="176" /></p>
<h3 style="text-align: left;"><span style="color: #ffff00; font-size: 20px;"><span style="color: #ffcc00;">Paulo Salgado</span></span></h3>
<p>Diretor e fundador da Icon Artes Galeria e da Icon Estúdio de Impressão Fine Art.</p>
<p>Fotógrafo com Pós-Graduação em Fotografia: <em>“Imagem, Memória e Comunicação”</em> – <em>Universidade Candido Mendes</em>; tem curso de impressão fine art pela <em>Fine Photo</em> e de gerenciamento de cores pela <em>Coralis</em>, empresa de referência para profissionais que trabalham com processos que exijam precisão na utilização de cores; possui, ainda, cursos de História da arte Moderna e Contemporânea (<em>Escola de Artes Visuais do Parque Lage – RJ</em>) e de fotografia (<em>Ateliê da Imagem e na Escola de Fotografia – Visual Arts</em>), participou do livro <em>Saara-Rio de Janeiro</em> e menção honrosa no 9º concurso fotográfico <em>Leica-Fotografe</em>.</p>
<p>&nbsp;</p>
<h4></h4>

<p>Diretor Técnico Paulo Salgado Diretor e fundador da Icon Artes Galeria e da Icon Estúdio de Impressão Fine Art. Fotógrafo com Pós-Graduação em Fotografia: “Imagem, Memória e Comunicação” – Universidade Candido Mendes; tem curso de impressão fine art pela Fine Photo e de gerenciamento de cores pela Coralis, empresa de referência para profissionais que trabalham &hellip; <a href="https://iconartesgaleria.com.br/estudiofineart/sobre/" class="more-link">Continuar lendo <span class="screen-reader-text">O Estúdio</span></a></p>
